)). Let a be 1*(0 + p + -1). Let i be 2 + a + 47 + 3. Calculate the highest common factor of 26 and i.
26
Suppose -5 + 2 = -3*z. Suppose -5*g - z = -11. Let y be (63/6 + 1)*g. What is the greatest common divisor of 23 and y?
23
Let t = -30 - -33. Suppose 4*y = t*l - 30 + 6, 0 = 5*l + 2*y - 14. What is the highest common factor of l and 44?
4
Let k be 1225/50 - (-10)/4 - 4. Calculate the greatest common factor of 184 and k.
23
Let s = -28 + 43. Let m be -2 - 5/(s/(-18)). Suppose -m*i = -9 - 15. What is the greatest common factor of 24 and i?
6
Suppose h - 2*h + 15 = 0. Suppose 3*l = -f + l + 7, 0 = 3*f - l - 49. Calculate the highest common divisor of f and h.
15
Suppose -15*a = -22*a + 154. Calculate the greatest common divisor of 187 and a.
11
Let d(h) = h**3 - 22*h**2 + 21. Let p be d(22). Suppose p - 54 = -m. Let g be -2 + -1 + 5*5. What is the greatest common divisor of m and g?
11
Let m(u) = u**2 - u - 58. Let b be m(8). Let i be 5*(b/(-3))/(10/312). What is the greatest common factor of 26 and i?
26
Let r(p) = p**3 - 5*p**2 - 6*p + 15. Let i be r(6). Suppose -6*c = -c + 50. Let x be i/3*(-256)/c. What is the greatest common factor of 16 and x?
16
Let j = -2169 - -2246. Suppose 1 = s - 8. Let v be 97/s - 2/(-9). What is the greatest common factor of j and v?
11
Suppose 0 = -11*k + 12*k + 27. Let t be 144/k*(-9)/2. What is the greatest common divisor of 8 and t?
8
Let s = -18 - -68. Let z be 4*-6*(-15)/(-40). Let o be (20/6)/((-3)/z) - 0. What is the greatest common divisor of s and o?
10
Let z = -23 - -27. Suppose 0*g - 92 = 5*x + g, -z*g = x + 7. Let w = x - -38. What is the highest common factor of 209 and w?
19
Let f be 689/(5 + 4/2 + -6). What is the highest common factor of 53 and f?
53
Suppose 259 = 2*h + 5*h. Suppose -2*f - h + 91 = 0. Let q be (-4)/2 - 55/(-5). Calculate the greatest common divisor of f and q.
9
Let f(m) = -124*m - 16. Let r(x) = -25*x - 3. Let n(s) = 3*f(s) - 16*r(s). Let l be n(6). Calculate the greatest common factor of 24 and l.
24
Suppose 12 = 54*s - 52*s. Let j be s*(-3 - 34/(-4)). What is the greatest common factor of j and 165?
33
Suppose 5*b + 4*t + t - 4465 = 0, 5*b - 4477 = -t. Suppose -5*f = -f - b. What is the highest common factor of f and 28?
28
Suppose 0*n + 12 = 2*n. Suppose -13 + 1 = -d. Calculate the highest common divisor of n and d.
6
Suppose 2*x = -2*x + 60. Suppose 0 = -3*l - x + 63. Suppose l = 4*h - 0*h. Calculate the highest common divisor of 10 and h.
2
Let k be ((-2)/2)/(1/(-100)). Let t(d) = 12*d - 256. Let i be t(23). Calculate the highest common factor of i and k.
20
Let l be (-56)/(-10)*(1 - -49). Suppose 9*f = -f + l. What is the greatest common factor of f and 42?
14
Let a be ((-52)/12)/((-2)/(-30)). Let g be a/(-3) + (-4)/(-12). What is the greatest common factor of 22 and g?
22
Let q = 318 - 308. What is the greatest common divisor of 1050 and q?
10
Suppose 3696 = 39*g - 11*g. What is the highest common factor of g and 44?
44
Let n(q) be the first derivative of 17/2*q**2 + 3 - 12*q - 1/4*q**4 + 4*q**3. Let x be n(13). What is the highest common divisor of 8 and x?
8
Let f = -19 - -37. What is the highest common divisor of f and 63?
9
Let l(m) = m**2 + m + 354. Let v be l(27). What is the highest common factor of 10 and v?
10
Suppose -10 = 11*r - 13*r. Suppose 0 = o + r*a - 4 - 5, -3*o + 16 = 4*a. Let g be (-6)/o*140/(-3). Calculate the greatest common divisor of g and 10.
10
Let q be (-98)/((6/4)/3). Let p = q - -350. Let l = 43 + -29. Calculate the greatest common divisor of l and p.
14
Suppose -14*s + 160 = -10*s. Calculate the greatest common factor of s and 280.
40
Let j be 93 + ((-50)/5 - -4). Calculate the highest common factor of 116 and j.
29
Suppose m + 31 = a + 4*a, 0 = -a + 2. Let n be 2/(-7) - (195/m + -3). Calculate the highest common divisor of 132 and n.
12
Let n = -44 + 80. Let o(u) = u**2 - 52*u + 631. Let z be o(17). Calculate the highest common factor of n and z.
36
Let u(c) = 4*c**2 - 9*c - 22. Let v(t) = t**2 - 1. Let z(w) = u(w) - 3*v(w). Let o be z(-10). Calculate the greatest common factor of 9 and o.
9
Let b = 0 + 6. Let h = 92 - 77. What is the greatest common factor of h and b?
3
Let k = -1665 - -1707. Let q be (-1)/2*(-13 + -1). What is the greatest common factor of q and k?
7
Let x(b) = -b**2 + 24*b - 69. Let r be x(20). Calculate the greatest common divisor of 1 and r.
1
Suppose 42 = b + b - 4*m, 73 = 4*b + 3*m. Let j be ((-5)/(-5))/((-3)/(-399)). What is the greatest common factor of j and b?
19
Let x(k) = k + 16. Let u be x(16). Suppose -4*z = -u - 28. Suppose -z*s + 20*s = 50. Calculate the greatest common divisor of 4 and s.
2
Suppose -2*k + 0*k + 4 = 0. Suppose 0 = -a + 3*x + 6, 2*a - 4*x = -3*x + 32. What is the highest common factor of k and a?
2
Suppose 0 = 5*s + 3 + 2. Let p = 3 - s. Let o be (-324)/(-10) - 8/20. Calculate the greatest common factor of p and o.
4
Let d be 2074/7 - (54/42 + -1). Calculate the greatest common divisor of 16 and d.
8
Let g(p) = 3*p**3 - 7*p**2 + 27*p + 25. Let f be g(5). What is the highest common divisor of 162 and f?
18
Let b = 23 - 7. Suppose 10*i - 87 = 393. Calculate the highest common divisor of i and b.
16
Suppose -246 = -3*l + 24. Let d = -109 + 153. Suppose 0 = 7*q - 26 - d. What is the greatest common factor of q and l?
10
Let z = 745 - 706. What is the highest common factor of 65 and z?
13
Let g(l) = -l**3 + 20*l**2 - 7*l + 27. Let f be g(20). Let o = 108 - 301. Let d = f - o. Calculate the greatest common factor of d and 10.
10
Suppose 0 = 23*b - 28*b + 330. Calculate the highest common factor of 12 and b.
6
Suppose 3*n = 2*u + 70, 0 = n - 5*n + 3*u + 95. Calculate the greatest common divisor of 20 and n.
20
Let w = -4 + 7. Suppose -24 = -w*j + 3*s, 0*s + s - 10 = -5*j. What is the highest common factor of j and 6?
3
Let s = -21 - -30. Suppose -2*c + m = -21, -3*m - 10 = -3*c + 17. What is the highest common factor of s and c?
3
Let n = 455 - 400. What is the highest common factor of 1100 and n?
55
Let h(i) = -2*i**2 + 121*i - 1584. Let r be h(40). Suppose 0 = 4*b - 3*g - 43, -4*b + 55 = b - 4*g. What is the highest common divisor of r and b?
7
Suppose 11*y - 410 = -25. Suppose d = 2*d - 14. What is the greatest common factor of y and d?
7
Let o be (3/(-1))/((-5)/35). Let q be (-3)/12 - (2 - (-51)/(-12)). Suppose q*c - 290 = -80. What is the greatest common factor of c and o?
21
Suppose -35 + 2 = -n. Let d = n + 30. Suppose -7*c = -3*c, 4*w + c = 36. What is the greatest common factor of w and d?
9
Suppose -7*a + 3840 = 17*a. Calculate the highest common divisor of a and 140.
20
Let q(h) = -h**3 + 21*h**2 - 31*h + 17. Let y be q(19). What is the highest common divisor of y and 15?
15
Let r(m) = 2*m + 15. Let t be r(12). Suppose -5*z = 84 - 344. What is the greatest common divisor of t and z?
13
Let p be -98*(2 + -8 + 4). Suppose y + 4*t = 36, -3*y + 5*t + 74 = -0*t. Calculate the greatest common factor of p and y.
28
Let g(h) = h**3 + 28*h**2 - 41*h + 7. Let y be g(-29). What is the highest common factor of 5 and y?
5
Let z(h) = -6*h - 4*h**2 - 12*h**3 - 20 - 5*h**2 + 0*h**2 + 13*h**3. Let r be z(11). What is the greatest common divisor of 12 and r?
12
Suppose -2*d + 2 = 3*g - 16, 0 = -5*d + 3*g + 3. Let q = -2 - d. Let x be (76 + 1)/(6 + q). Calculate the highest common divisor of x and 11.
11
Let p(a) = -27*a**3 + a**2 + 4. Let v be p(2). Let t = v + 472. What is the greatest common factor of 24 and t?
24
Suppose -202 - 38 = -8*a. Calculate the highest common factor of 110 and a.
10
Let d = -15 + 20. Suppose 0 = 3*r - 5*s - 28, 5*s + 29 = -4*r + 8*r. Calculate the highest common divisor of d and r.
1
Let o(d) = -d**3 + 6*d**2 + 8*d - 8. Let m be o(6). What is the greatest common divisor of 100 and m?
20
Suppose -5*p + 10*p = -30. Let v(c) = -20*c. Let h be v(p). Suppose 2*d = -3*d + h. Calculate the greatest common divisor of d and 60.
12
Let y = -288 - -1143. Calculate the greatest common factor of y and 380.
95
Let b be 1/((-26)/(-42) + 4/(-14)). Suppose 34 = b*j - 110. What is the highest common divisor of 6 and j?
6
Let d be 268 + (-13)/(-8) + 3/8. Calculate the highest common factor of 30 and d.
30
Suppose 6*u + 136 = 16. Let l be (-1272)/u - (-6)/(-10). Suppose -23*i - l = -26*i. Calcul